e k(-5). Suppose a + 3*u - 171 - 170 = 0, p*a + 4*u - 1356 = 0. Let j = a - 234. What is the tens digit of j?
0
Let h be ((-5)/(-20))/(2/(-34712)). What is the tens digit of h/(-7) + (-36)/(-252)?
2
Suppose 18*i + 3027 = 15*i. Let b = 1575 + i. What is the tens digit of b?
6
What is the units digit of (-7 - 2196/54)/(1/(-363))?
3
Suppose -6 = -0*y + 3*y, -2*v + 6 = -y. Suppose -3*f + v*f - 87 = g, 4*g = -5*f - 344. Let d = -30 - g. What is the tens digit of d?
6
Suppose 0 = -3*g - 1 - 20. What is the units digit of (-6)/g + 202275/315?
3
Let o be (-2)/(-2) + (-10 - 2). Let n = o + 15. Suppose -4*m - 161 = -n*u - m, -5*u + 184 = 2*m. What is the units digit of u?
8
Let i(q) = q**2 - 15*q - 27. Let l be i(17). Let y be 14/l - 4/(-2). Suppose 268 + 236 = y*a. What is the tens digit of a?
2
Let y(z) = 297*z**2 - 25*z + 150. What is the thousands digit of y(8)?
8
What is the thousands digit of (-10)/6 - (-334054)/42?
7
Let u(p) = -1377*p**3 + p**2 - 5*p - 9. Let y(v) = -2066*v**3 + v**2 - 8*v - 13. Let z(c) = -7*u(c) + 5*y(c). What is the units digit of z(-1)?
2
Let w = -39457 + 50423. What is the tens digit of w?
6
Let b(u) = -78*u - 3631. What is the units digit of b(-91)?
7
Let h = 9 + -4. Suppose 0 = -h*l + g - 148, 30 = -3*l + 3*g - 54. Let q = l - -74. What is the units digit of q?
4
Let b = 113 - -8351. What is the thousands digit of b?
8
Let f(z) = 105*z - 18. Let o = -1 + 4. What is the hundreds digit of f(o)?
2
Suppose 44*g - 15560 = 41*g - 2*s, 4*g = 2*s + 20770. What is the units digit of g?
0
Suppose -3*c = 9, 4*c = -4*d + 21968 + 34792. What is the tens digit of d?
9
Suppose -6*v = -2*w - 3*v + 5798, -14495 = -5*w - 2*v. Suppose 12*l + l - w = 0. What is the hundreds digit of l?
2
Suppose 0 = 3*m + t - 46, -41 = -5*m + 2*t + 32. Suppose -18*b = -m*b - 1683. What is the hundreds digit of b?
5
Suppose 70 = 2*c + 14. Let p = c + -15. What is the units digit of (25/3)/(p/78)?
0
Suppose -61*v + 725952 + 397363 = 0. What is the units digit of v?
5
What is the tens digit of (-16)/2 + ((-370)/(-4))/5*3492?
9
Suppose 122*a - 69*a = -33*a + 2819166. What is the units digit of a?
1
Let a = -13292 - -33640. What is the units digit of a?
8
Suppose 507403 = 30*a + 206683. What is the ten thousands digit of a?
1
Let y(w) = 5*w**2 - 6*w + 4. Let h be y(6). Let b = -134 + h. What is the tens digit of b?
1
Let l(z) = 2*z**3 + 91*z**2 + 109*z + 77. What is the thousands digit of l(-43)?
4
Suppose -3*u = n + 649, 641 = 2*u - 5*u - 5*n. Let b = 137 + 290. Let c = b + u. What is the units digit of c?
0
Let i(p) = 2*p**3 - 67*p**2 + 20*p - 179. Let l(q) = -q**3 + 33*q**2 - 10*q + 89. Let o(y) = -4*i(y) - 9*l(y). What is the units digit of o(29)?
5
Let t(l) be the second derivative of l**5/20 - 7*l**4/12 - l**3/6 + 5*l**2/2 + 7*l. Let y be t(7). What is the tens digit of (-28)/y*(3 - (0 + 1))?
2
Let i be (-13)/(-4) + (-2)/8. Let b = -12698 - -12701. Suppose a - 110 = -b*q, q - 290 = -i*a + 2*q. What is the units digit of a?
8
What is the thousands digit of 1416*(-6 - -17 - 0)?
5
Suppose -59*x + 54 = -182. Suppose -x*c + 6444 = 976. What is the hundreds digit of c?
3
Suppose -27*i + 24*i + 3057 = 0. Let b = i - 441. What is the tens digit of b?
7
Let q(v) = 252*v**2 - 27*v - 240. What is the tens digit of q(12)?
2
Let s be (-900)/135*114/(-5). Let f be (0/5)/(1 - 2). Suppose -2*k = -f*k - s. What is the units digit of k?
6
Let m(t) = 2*t + 56. Let w be m(-17). Suppose w*a = 26*a + 36. Let l(g) = -12*g + 3. What is the hundreds digit of l(a)?
1
Let k(x) = -2*x**3 + 14*x**2 + 4*x - 30. Let g be k(7). Let a(u) = 2*u + 12. Let m be a(g). What is the tens digit of (-1 + m)*36 - (-1 + 0)?
5
Suppose -96*d + 30000 = -84*d. What is the tens digit of d?
0
Suppose x - 4*y = 6*x - 120, -2*x + 3*y = -25. Suppose -22*i = -x*i - 20. What is the tens digit of 35/(-1)*1/i*-8?
2
Suppose -319*z + 339*z + 40 = 0. Let n(i) = 4*i + 3. Let r be n(-3). What is the units digit of z + -1 + r/(-1)?
6
Let f = -89 - -87. Let h be 4 + (-4)/2 + 9 + f. Let b(t) = -t**2 + 15*t - 11. What is the tens digit of b(h)?
4
Let j(m) = m**2 - 3*m - 2. Let k be j(3). Let c be k/(-2)*(3 + 11). Let f = c + 61. What is the tens digit of f?
7
Let f(l) = -57*l - 61 - 54 + 38 - 22*l. What is the units digit of f(-6)?
7
Let r = 65766 - 41511. What is the hundreds digit of r?
2
Suppose -2*v = 12, 5*v = a + 4*v - 4955. What is the tens digit of a?
4
Let t = -18843 + 28255. What is the tens digit of t?
1
Let p = 35642 + -12613. What is the hundreds digit of p?
0
What is the hundreds digit of 5367 + (3/12*3)/((-2)/(-8))?
3
What is the tens digit of (-377)/87*3*699/9*-6?
5
Suppose -7*r = -31 - 11. What is the units digit of (-2191)/(-70)*r + (-3)/(-15)?
8
Let s = 6384 - 3199. What is the hundreds digit of s?
1
Let t be 27/(((-85)/30)/(-17)). Suppose -4*r - t = -550. What is the units digit of r?
7
Let l(y) = -23*y**3 - 13*y**2 - 22*y + 5. What is the units digit of l(-7)?
1
Let q = -41 - -69. Suppose -5*j - f + 4*f = -51, 4*j - f - 38 = 0. Let i = q + j. What is the units digit of i?
7
Let r(f) = 2 - 9*f - f**2 - 3 - 5 - 2. Let w be r(-8). Suppose -q + 5*h - 38 + 147 = w, 3*h = -q + 133. What is the tens digit of q?
2
Let o = -1753 - -2898. Suppose -2*l - 2*s + 1562 = 0, -5*l - o = -3*s - 5034. What is the hundreds digit of l?
7
Let t(c) = 35*c**2 + 33*c + 202. Let b be t(-12). Suppose 7*h - b + 1710 = 0. What is the hundreds digit of h?
4
Let w(a) = 2*a + 1. Let s(c) = -14*c**2 + 12*c + 60. Let q(l) = -s(l) - 4*w(l). What is the tens digit of q(-7)?
6
Let b(i) = i - 1. Let h be b(3). Suppose h*v + 6 = 3*v. Suppose 0 = -v*p + 448 + 26. What is the tens digit of p?
7
Suppose -3*r - 84725 = -4*n, 102*n = 98*n - 2*r + 84750. What is the units digit of n?
5
Let d = -2241 + 3277. Let q = d + -733. What is the hundreds digit of q?
3
Suppose 309*b = 316*b + 14. What is the tens digit of (-151)/((1 + b/6)/(-2))?
5
Suppose -1564 = -o - 3*o. Suppose o = 2*s + 83. What is the units digit of 3/(-12)*-2*s?
7
Let v = -34 - -2518. Suppose -4*f = -208 - v. What is the units digit of f?
3
Let q be -15 + 494/(-57) - (-1)/(-3). Let x(w) = -24*w - 55. What is the tens digit of x(q)?
2
Let y = 5781 - 5167. What is the units digit of y?
4
Let t = 63928 - 33105. What is the thousands digit of t?
0
Suppose -19*v - 289432 = -71*v. What is the units digit of v?
6
What is the hundreds digit of 430140/8 - (-4784)/416?
7
Suppose 0 = c + 2*c + 4*k + 13, -3*c + 3*k + 15 = 0. Let f be -3 - (-5 - 12 - c). What is the units digit of (-1204)/(-6) + 5/f?
1
Let b = 18401 + 3152. What is the tens digit of b?
5
Let i be (-104)/(-1) - (-2 + 2)/(-2). Let k = i + -102. Suppose -2*a + 159 = -n + 6, 123 = k*a + 5*n. What is the units digit of a?
4
Suppose -3*t = 5*p - 0*t - 6, 3*t = -3*p. Suppose -p*i + r + 49 = 0, -4*i + 5*r - 7 = -3*i. Let k = 39 - i. What is the units digit of k?
1
Let v(o) = -o**2 - 17*o - 48. Let h be v(-14). Let k(w) = -7*w**2 - 4*w - 9 + 5 - 9*w - w**3. What is the tens digit of k(h)?
3
Suppose 73890 = -132*f + 177*f. What is the tens digit of f?
4
Let p be (-550)/(-15)*24/10. Let c be (15 - 612/42) + (-22)/(-14). Suppose 0 = c*j + v - 82, 33 - p = -j - 4*v. What is the tens digit of j?
3
Suppose 4*v + 3*q = 1286 + 6982, q = 0. What is the tens digit of v?
6
What is the thousands digit of 863/((-12782)/609 + 21)?
5
What is the units digit of 5849392/368 - (-8)/(-92)?
5
Suppose -4*x + 3*j = -35447, -5*x = 2*j - 8797 - 35483. What is the thousands digit of x?
8
Let c(q) = -q**3 - 3*q**2 - 5*q - 13. Let b be c(-3). Suppose -4*t + 6*v - b*v - 712 = 0, -4*v + 8 = 0. Let p = t - -440. What is the tens digit of p?
6
Let a(w) = -2*w**3 - 11*w**2 - 8*w + 1. Let o(d) = -d**3 - d - 1. Let f(p) = -a(p) + 3*o(p). What is the tens digit of f(5)?
7
Let d(k) = -k**2 - 22*k - 5. Let o be (1 - (-1 - -1))*(-2 - -1). Let c be (-1 + 3)*(o + -6). What is the units digit of d(c)?
7
Let y = 35153 - 33435. What is the tens digit of y?
1
Suppose 12*k - 8*k - 1636 = 0. Suppose f + 0*t = 4*t + k, 3*f - 5*t = 1220. Suppose -89*m - f = -94*m. What is the units digit of m?
1
Suppose -9*l + 12 = -13*l. Let r be (-20)/15*l/(0 + 1). Suppose 819 = 13*x - r*x. What is the tens digit of x?
9
Suppose 0 = 2*a - 5*l - 25, -11*a = -13*a - 3*l - 15. What is the hundred